visor of 4278 and 434930.
1426
What is the greatest common factor of 35 and 25860?
5
What is the greatest common factor of 745616 and 20?
4
Calculate the greatest common divisor of 7 and 128317.
7
Calculate the greatest common factor of 3 and 4791.
3
What is the greatest common divisor of 358766 and 2?
2
Calculate the greatest common divisor of 34 and 116671.
17
What is the highest common divisor of 108 and 5057748?
108
Calculate the highest common divisor of 124977 and 23.
1
What is the greatest common divisor of 1325 and 348740?
265
Calculate the highest common factor of 5306 and 98.
14
What is the greatest common divisor of 42006 and 6?
6
What is the greatest common factor of 5568 and 135744?
192
What is the highest common divisor of 18 and 8310?
6
Calculate the highest common divisor of 17651 and 171.
19
Calculate the greatest common divisor of 1010600 and 400.
200
Calculate the greatest common factor of 5957 and 5180.
259
What is the highest common divisor of 1570585 and 5?
5
Calculate the greatest common divisor of 594800 and 150.
50
What is the highest common factor of 260 and 1474135?
65
Calculate the greatest common divisor of 31 and 202151.
31
Calculate the highest common divisor of 290 and 145.
145
Calculate the greatest common factor of 29864 and 248.
8
What is the highest common divisor of 27 and 47493?
27
Calculate the highest common factor of 3093 and 6047846.
1031
What is the greatest common divisor of 6698696 and 8?
8
What is the greatest common divisor of 14032 and 16?
16
Calculate the highest common divisor of 207 and 1054113.
69
What is the greatest common divisor of 361424 and 49?
49
What is the greatest common factor of 345 and 780840?
15
Calculate the greatest common divisor of 136 and 488.
8
Calculate the highest common factor of 11726470 and 70.
70
What is the highest common divisor of 201396 and 429?
39
Calculate the greatest common divisor of 134 and 273226.
134
What is the greatest common factor of 17 and 41429?
17
Calculate the highest common factor of 3360 and 65760.
480
What is the greatest common factor of 546 and 3523702?
182
What is the highest common divisor of 22246 and 833?
49
Calculate the highest common factor of 4810 and 759018.
962
Calculate the greatest common factor of 91 and 400127.
91
Calculate the highest common divisor of 66 and 4116.
6
Calculate the greatest common divisor of 86073 and 312.
39
What is the highest common divisor of 579 and 3134127?
579
What is the highest common divisor of 2314 and 2047?
89
Calculate the highest common divisor of 36875 and 38125.
625
What is the greatest common factor of 686 and 37898?
14
What is the highest common divisor of 92340 and 323?
19
What is the greatest common divisor of 24 and 31272?
24
What is the highest common divisor of 942636 and 12?
12
Calculate the highest common factor of 153 and 106692.
51
What is the highest common divisor of 39 and 7566?
39
Calculate the greatest common divisor of 29585 and 610.
305
What is the greatest common factor of 484 and 1150468?
484
Calculate the greatest common factor of 689988 and 24.
12
Calculate the highest common factor of 3763 and 4717.
53
Calculate the highest common factor of 1880 and 280.
40
Calculate the highest common divisor of 833 and 93058.
119
Calculate the greatest common divisor of 2075 and 7387.
83
What is the highest common divisor of 143360 and 105?
35
What is the highest common divisor of 320 and 161180?
20
What is the greatest common factor of 114 and 29545?
19
Calculate the highest common factor of 52371 and 495.
99
What is the greatest common divisor of 2150 and 170?
10
Calculate the highest common factor of 192588 and 2046.
66
What is the greatest common factor of 2030 and 51884?
14
Calculate the greatest common divisor of 31 and 151094.
31
What is the greatest common divisor of 303 and 11413?
101
What is the highest common divisor of 102 and 2535771?
51
Calculate the highest common divisor of 324 and 139332.
12
What is the highest common factor of 80 and 20104?
8
What is the greatest common divisor of 11156 and 8?
4
Calculate the highest common divisor of 885396 and 36.
12
What is the greatest common factor of 451 and 7913?
41
Calculate the highest common divisor of 198678 and 6.
6
What is the greatest common divisor of 410265 and 3?
3
Calculate the highest common factor of 380 and 8040.
20
Calculate the greatest common divisor of 293301 and 243.
243
What is the greatest common factor of 36 and 1040724?
36
Calculate the highest common factor of 12932 and 9964.
212
What is the highest common divisor of 523221 and 3?
3
What is the highest common factor of 3560 and 9345?
445
Calculate the greatest common factor of 5840 and 1840.
80
What is the highest common divisor of 11085 and 165?
15
Calculate the greatest common factor of 34975 and 1900.
25
What is the highest common factor of 803 and 1199?
11
Calculate the greatest common divisor of 100 and 155.
5
Calculate the greatest common factor of 86118 and 31.
31
What is the greatest common factor of 378422 and 97438?
2266
Calculate the highest common factor of 12 and 27327.
3
Calculate the greatest common factor of 765 and 7055.
85
What is the highest common divisor of 1998 and 3618?
54
What is the greatest common divisor of 4 and 33032?
4
Calculate the highest common factor of 163746 and 572.
22
Calculate the highest common factor of 739650 and 150.
150
Calculate the highest common divisor of 2704 and 403.
13
Calculate the greatest common divisor of 51 and 3842.
17
Calculate the highest common factor of 61 and 1978901.
61
Calculate the highest common factor of 4180 and 5852.
836
Calculate the greatest common divisor of 371475 and 9360.
585
What is the greatest common divisor of 230 and 591905?
115
What is the highest common divisor of 848 and 3088?
16
What is the highest common divisor of 7490 and 1181922?
1498
Calculate the highest common factor of 42 and 13241522.
14
What is the highest common divisor of 882 and 450?
18
What is the greatest common factor of 46130 and 280?
70
Calculate the highest common divisor of 12 and 267684.
12
Calculate the greatest common divisor of 13312 and 236032.
512
Calculate the highest common factor of 8432 and 2008924.
2108
Calculate the greatest common divisor of 19750 and 590.
10
What is the highest common factor of 1089 and 18623?
11
What is the highest common divisor of 26600 and 5073?
19
Calculate the greatest common factor of 16640 and 39.
13
Calculate the highest common divisor of 961 and 2883.
961
Calculate the highest common divisor of 14166 and 423.
9
Calculate the greatest common divisor of 141 and 54003.
141
Calculate the highest common factor of 4024 and 88.
8
What is the highest common divisor of 25575 and 948321?
1023
Calculate the highest common factor of 390400 and 3600.
400
What is the greatest common factor of 244 and 11456?
4
What is the highest common factor of 7181 and 1591?
43
What is the greatest common divisor of 13146 and 798?
42
Calculate the greatest common divisor of 55 and 125.
5
Calculate the highest common divisor of 103 and 5319847.
103
Calculate the greatest common divisor of 7884 and 2117.
73
Calculate the greatest common factor of 1116 and 8676.
36
What is the highest common divisor of 6450 and 450?
150
Calculate the greatest common factor of 376 and 94.
94
Calculate the greatest common factor of 15288 and 24.
24
What is the highest common factor of 880 and 1111?
11
Calculate the greatest common divisor of 742 and 16814.
14
Calculate the highest common factor of 348251 and 19.
19
What is the highest common divisor of 99324 and 620?
124
What is the highest common factor of 616080 and 48?
48
What is the highest common divisor of 812 and 2200?
4
What is the highest common divisor of 153 and 32706?
9
What is the greatest common divisor of 690 and 4715?
115
Calculate the greatest common divisor of 378 and 8526.
42
What is the greatest common divisor of 222656 and 64?
64
Calculate the greatest common divisor of 6 and 24816.
6
What is the highest common divisor of 247 and 5373979?
247
Calculate the highest common divisor of 221354 and 6208.
194
What is the greatest common divisor of 1377 and 11115?
9
Calculate the greatest common factor of 1 and 179743.
1
Calculate the highest comm